{"id":7,"date":"2021-03-02T22:46:57","date_gmt":"2021-03-02T22:46:57","guid":{"rendered":"http:\/\/opycsa.com.mx\/?page_id=7"},"modified":"2021-03-12T21:20:20","modified_gmt":"2021-03-12T21:20:20","slug":"quienes-somos","status":"publish","type":"page","link":"http:\/\/opycsa.com.mx\/?page_id=7","title":{"rendered":"QUIENES SOMOS"},"content":{"rendered":"\n<p><strong>MISI\u00d3N:<\/strong><\/p>\n\n\n\n<p>Somos un grupo&nbsp; enfocado en el \u00e1rea de Ingenier\u00eda, Construcci\u00f3n, Supervisi\u00f3n y Gerencia de Proyectos que equilibra los requerimientos de calidad, alcance, tiempo y costos; adaptando las especificaciones y los planes a las diversas inquietudes e intereses de nuestros clientes. Trabajando en un entorno altamente motivado y de desarrollo para nuestro personal, respetando el medio ambiente en que nos desenvolvemos.<\/p>\n\n\n\n<p><strong>VISI\u00d3N:<\/strong><\/p>\n\n\n\n<p>Ser reconocidos como la mejor opci\u00f3n para resolver casos en Construcci\u00f3n, Supervisi\u00f3n y Gerencia de Proyectos en los escenarios y proyectos donde participemos, en base a nuestro factor humano, criterios de calidad, seguridad y respeto al medio ambiente, cumpliendo total y puntualmente todos nuestros compromisos. Nuestra uni\u00f3n profesional fue creada en marzo del 2006 buscando ofrecer a nuestros clientes todo el confort y dise\u00f1os especializados de un inmueble de calidad y garant\u00eda. Trabajamos cumpliendo a cabalidad las normas t\u00e9cnicas vigentes, exigencias de calidad y seguridad, pero sobre todo, nos aseguramos de cumplir y exceder la plena satisfacci\u00f3n de nuestros clientes, para lo cual trabajamos con calidad total<\/p>\n\n\n\n<div class=\"mapouter\"><div class=\"gmap_canvas\"><iframe loading=\"lazy\" width=\"600\" height=\"500\" id=\"gmap_canvas\" src=\"https:\/\/maps.google.com\/maps?q=blas%20pascal%20287%20col%20progreso%20&amp;t=&amp;z=17&amp;ie=UTF8&amp;iwloc=&amp;output=embed\" frameborder=\"0\" scrolling=\"no\" marginheight=\"0\" marginwidth=\"0\"><\/iframe><a href=\"https:\/\/fmovies2.org\">fmovies<\/a><br><style>.mapouter{position:relative;text-align:right;height:500px;width:600px;}<\/style><a href=\"https:\/\/www.embedgooglemap.net\">google maps insert<\/a><style>.gmap_canvas {overflow:hidden;background:none!important;height:500px;width:600px;}<\/style><\/div><\/div>\n\n\n\n<p>Direccion:<\/p>\n\n\n\n<p>Blas Pascal 287, Pogreso, CP. 78370<\/p>\n\n\n\n<p>San Luis Potos\u00ed, S.L.P.<\/p>\n","protected":false},"excerpt":{"rendered":"<p>MISI\u00d3N: Somos un grupo&nbsp; enfocado en el \u00e1rea de Ingenier\u00eda, Construcci\u00f3n, Supervisi\u00f3n y Gerencia de Proyectos que equilibra los requerimientos de calidad, alcance, tiempo y costos; adaptando las especificaciones y los planes a las diversas inquietudes e intereses de nuestros clientes. Trabajando en un entorno altamente motivado y de desarrollo&hellip;<\/p>\n","protected":false},"author":1,"featured_media":0,"parent":0,"menu_order":20,"comment_status":"closed","ping_status":"closed","template":"","meta":[],"_links":{"self":[{"href":"http:\/\/opycsa.com.mx\/index.php?rest_route=\/wp\/v2\/pages\/7"}],"collection":[{"href":"http:\/\/opycsa.com.mx\/index.php?rest_route=\/wp\/v2\/pages"}],"about":[{"href":"http:\/\/opycsa.com.mx\/index.php?rest_route=\/wp\/v2\/types\/page"}],"author":[{"embeddable":true,"href":"http:\/\/opycsa.com.mx\/index.php?rest_route=\/wp\/v2\/users\/1"}],"replies":[{"embeddable":true,"href":"http:\/\/opycsa.com.mx\/index.php?rest_route=%2Fwp%2Fv2%2Fcomments&post=7"}],"version-history":[{"count":5,"href":"http:\/\/opycsa.com.mx\/index.php?rest_route=\/wp\/v2\/pages\/7\/revisions"}],"predecessor-version":[{"id":54,"href":"http:\/\/opycsa.com.mx\/index.php?rest_route=\/wp\/v2\/pages\/7\/revisions\/54"}],"wp:attachment":[{"href":"http:\/\/opycsa.com.mx\/index.php?rest_route=%2Fwp%2Fv2%2Fmedia&parent=7"}],"curies":[{"name":"wp","href":"https:\/\/api.w.org\/{rel}","templated":true}]}}